/(-2))/(2/20). Suppose 0 = -2*f + i*f - 27. Suppose 3 - f = -2*v. What is the units digit of v?
3
Let a(m) = 5*m. Let j be a(1). Suppose -4*o + 3 = -7*k + 2*k, 18 = -o + j*k. What is the units digit of o?
7
Let a = 89 - 22. What is the tens digit of a?
6
Suppose -u + 4*c + 13 = -4, 6 = 3*u + 3*c. Let s = 16 + -16. Suppose s = 4*x - u - 7. What is the units digit of x?
3
What is the units digit of 2250/81 + 4/18?
8
Let s = -81 - -161. Suppose n + 4*n - s = 0. Let o = n + -5. What is the units digit of o?
1
Let q = -14 - -25. Suppose -g + 2*g = q. What is the tens digit of g?
1
Suppose 5*x = 4*j + 28, -2*x + 0*j + 2*j + 12 = 0. Suppose -11 - 13 = -x*i. What is the units digit of i?
6
Let n(l) = -7*l - 1. What is the units digit of n(-1)?
6
Let j = -109 - -157. What is the units digit of j?
8
Let f = 61 - -14. Let i = f - 23. What is the tens digit of i?
5
Suppose -4*a + 5*k - 5 = 0, -a + 34 - 9 = 4*k. Suppose 24 = a*r - r. What is the units digit of r?
6
Let b(j) = -j**3 + 5*j**2 + 5*j + 8. Let s be b(6). Let k be -3*(30/(-9) + s). What is the units digit of (k - 3) + 0 - -2?
3
Suppose -y = -2*m + 10, -4*m - 2*y = 1 - 13. Let c(o) = m + 0*o**2 + o**2 - 1. What is the units digit of c(0)?
3
Suppose -3*k - 5 + 20 = 0. Suppose 4*w = 5*z + 167, -4*w = z + z - 174. Suppose 42 = k*t - w. What is the units digit of t?
7
Suppose 3 = -4*h + h. What is the units digit of 10/(-8)*(h - 3)?
5
Let u = 8 + 8. What is the units digit of (6/2)/(6/u)?
8
What is the units digit of (108/(-6) - -6)*8/(-3)?
2
Let k(r) be the second derivative of 2*r**4/3 - r**3/6 + r**2/2 + r. Let m be (-1)/(-1 - (4 - 4)). What is the units digit of k(m)?
8
Suppose 3*f + 14 = 2*k - 4, 3*k - 5*f - 29 = 0. Suppose -k*l = -2*l - 23. Let v = l - 13. What is the tens digit of v?
1
Suppose 5*m + 2 = 2*b + 11, -3*m + 3*b = 0. Let y be ((-1)/m)/(3/(-36)). What is the units digit of 88/6 + y/(-6)?
4
Suppose 0 = 3*b - b + 12. What is the units digit of (-6)/4*28/b?
7
Let o = 17 - 13. Suppose -3*h + 24 = -k, o*k = 3*h - 0*k - 24. What is the units digit of h?
8
Let l(w) = w**3 + w**2 - 5*w + 3. Let h be l(-4). What is the tens digit of (-240)/h - (-4)/10?
1
Let s(f) = f**3 - f**2 + 1. Let h(p) = -2*p**3 + p**2 - 2. Let v(z) = -2*h(z) - 3*s(z). What is the units digit of v(0)?
1
Suppose 548 = 4*p - 3*y, 0*y = -4*p - 2*y + 548. What is the hundreds digit of p?
1
Suppose -2*s + 0 - 2 = 0. What is the tens digit of ((-8)/(-20))/(s/(-25))?
1
Let h(m) = 2 + 0*m**2 - 3*m**2 - 6*m - 3*m**2 + 0*m**2 - m**3. What is the tens digit of h(-6)?
3
Suppose 0 = 4*z - 5*o - 159, 2*z + 1 = 2*o + 79. What is the units digit of z?
6
Let r be 5 - (15/3 + -3). Suppose 5*a - 44 = -r*t, t - 4*a - 12 = -3. What is the units digit of t?
3
What is the tens digit of (20/(-4) + 4)/1*-179?
7
Let v(k) = 3*k + 2. Let a be v(-6). Let q = 23 + a. What is the units digit of q?
7
What is the units digit of 1454/16 + 2/16?
1
What is the tens digit of (-2)/(-4) + -4*606/(-48)?
5
Let r(v) be the third derivative of -v**6/120 - 7*v**5/60 - 3*v**4/8 - 7*v**3/6 + 4*v**2. What is the tens digit of r(-6)?
1
Let z = 351 + -210. What is the hundreds digit of z?
1
Let p(g) = -2*g**3 + g**2 + 5*g + 2. What is the tens digit of p(-3)?
5
Suppose -4*j + 62 + 163 = 3*w, -4*j + 219 = w. What is the tens digit of j?
5
What is the tens digit of (56 - (-1 + 0)) + 0?
5
Suppose -m = -9 - 32. What is the units digit of m?
1
Let z(u) = 2*u**3 - 4*u**2 - u + 4. Let m = -20 - -23. What is the tens digit of z(m)?
1
Suppose -3 + 55 = -4*l. What is the tens digit of 0 - -26 - (l + 11)?
2
Suppose -2*q - 3*n = -q - 32, -2*q - n = -59. Let m = q + -22. What is the units digit of m?
7
Suppose -2*x - 137 = -3*x - 2*i, 3*i = 3*x - 429. What is the tens digit of x?
4
Suppose 5*o + 44 = 184. What is the tens digit of o?
2
Let h(b) = 5*b + 2. Let o be h(2). Let w(c) = 2*c - 2. Let v be w(-3). Let a = o + v. What is the units digit of a?
4
Suppose 5*t = -2*o + 76 + 42, -6 = 3*t. What is the units digit of o?
4
Let f(r) = 26*r + 18. What is the units digit of f(3)?
6
Let w = 0 + 4. Suppose 2*f + 0*f - 6 = 0. Suppose -p - f*g - 2*g - 19 = 0, 2*p + w*g + 8 = 0. What is the units digit of p?
6
Let h = 51 - 7. What is the tens digit of h?
4
Suppose 28*q - 90 = 23*q. What is the units digit of q?
8
Let n be 4 + -2 + 0 + 2. Suppose f - 1 = -n*g + 3*g, -5*f = -g - 11. Let q = 0 + f. What is the units digit of q?
2
Let q(m) = m**2 + 5*m - 6. Let f be q(-6). Suppose f*y = 2*y - 8. What is the units digit of y?
4
Let m(o) = -3*o + 3. What is the units digit of m(-11)?
6
Let g = -12 - -33. What is the tens digit of g?
2
Let n = -4 + 7. What is the units digit of (1 - 0) + n/3?
2
Let v = 117 + -51. Suppose 0 = 2*d + 2, -5*d - v = -4*p - 21. Let m = p - 4. What is the units digit of m?
6
What is the units digit of -26*4/(-16)*2?
3
Suppose 3*t = 2*t + 10. Suppose 2*f = t, 5*f - 4 - 75 = -3*y. What is the units digit of y?
8
Suppose -5*g - 31 = -651. What is the hundreds digit of g?
1
Let h(b) = -b**3 + 4*b**2 - b + 3. Let z be h(3). What is the units digit of 186/z + 6/(-9)?
0
What is the tens digit of (-741)/(-3) - (-8)/8?
4
Let q(u) = -29*u**3 - 6*u - 8. What is the hundreds digit of q(-2)?
2
Suppose -5*l = 2*p - 1150, -3*l - 5*p + 709 = -0*p. What is the hundreds digit of l?
2
Let b(w) = -w + 7. Let o be b(6). Let x be 14/((0 - o)/(-2)). Suppose -3*p + x = p. What is the units digit of p?
7
Let t(h) be the third derivative of 13*h**5/60 - h**4/6 + h**3/3 - 10*h**2. What is the tens digit of t(2)?
4
Let h = 49 - -3. What is the tens digit of h?
5
Let q be 2/(-10) + 96/30. Suppose 2 = -q*i + 5*i. What is the units digit of i?
1
Suppose -5*z = -140 - 0. What is the tens digit of z?
2
Let c be (-14)/(-4) + 1/(-2). Suppose -4*z - 4 = 0, 0 = 3*p + 5*z - 1 - 48. Suppose -4 = f, r - 5*f - c - p = 0. What is the units digit of r?
1
Let i = 23 - 11. Let q = -6 + i. What is the tens digit of 2/q - 177/(-9)?
2
Let o(x) = x**3 + 8*x**2 - 3*x - 2. Let t(v) = v**3 + 8*v**2 + 3*v + 16. Let b be t(-8). What is the tens digit of o(b)?
2
Let q be 1/2 - 152/16. Let n(u) = u**2 + 10*u + 13. Let d be n(q). What is the units digit of (-12)/(-7) + d/14?
2
Let u = -6 - -8. Suppose -u*k - 8 = -4*k. Suppose m - 25 = -k*m. What is the units digit of m?
5
Suppose 0 = -2*r - 4*q + 16, -2 = -3*r + 2*q - 10. Suppose r = 2*j - 0*j - 42. What is the units digit of j?
1
Let h(c) = c**2 + 10*c. Let m be h(-10). Suppose m*k - 22 = -i + 3*k, -5*k = -5*i + 60. What is the units digit of i?
7
Let f be (2/3 + 0)*6. Suppose -f*c - h + 57 = 0, 2*c + h = 16 + 11. What is the tens digit of c?
1
Let c = 0 - -12. Suppose 0 = -3*p + c, g + 5*p - 88 = -g. What is the tens digit of g?
3
Suppose -5*d + 0*d = -10. Suppose -14 = -d*h - 2. What is the units digit of h?
6
Let y be 6 - (1*-2 + 1). Suppose -y*p + 3*p + 4 = 0. What is the units digit of p?
1
Let w(q) = q**2 - q - 8. Let c be w(0). Let o be (3/6)/(1/c). What is the units digit of (21/6)/((-2)/o)?
7
What is the tens digit of 1/(5/5) - -88?
8
Suppose 0 = -4*z + 12, -3*z - 2 = -3*y + 4. Suppose 5*p + 2*g - 33 = 0, -y*p + 37 = -2*g - 0*g. What is the units digit of p?
7
Let t(c) = -4*c**3 - c**2 - c + 1. Let y be t(1). Let l be -8*(y/2 + 2). What is the units digit of l/(-14) + (-9)/(-7)?
1
Let n(a) be the first derivative of -a**4/4 - a**3 + a**2/2 + 2*a - 2. Let b be n(-3). What is the units digit of ((-12)/(-16))/(b/(-4))?
3
What is the units digit of 31 + (12/4 - 6)?
8
Suppose 19 = -2*y + 1. Let x = 6 - y. What is the tens digit of x?
1
Let r be ((-1)/(-1))/(3/12). Suppose -35 = f + r*f. What is the units digit of 20/(-2)*f/14?
5
Let d(u) = 11*u**2 - 13*u - 1. Let q = -18 - -5. Let h(k) = -5*k**2 + 6*k. Let f(o) = q*h(o) - 6*d(o). What is the units digit of f(0)?
6
Let f be -2 - (2 - (-2 + 8)). Let h be (f - 0)/(2/9). Let w(x) = x - 6. What is the units digit of w(h)?
3
Suppose -1346 = -4*g - h, -4*h = -5*h + 2. What is the hundreds digit of g?
3
Suppose z + 3*f = -0*f + 24, 4*f = -2*z + 54. Let k = z - 19. What is the tens digit of k?
1
Let h = -46 - -106. What is the tens digit of h?
6
Let r(x) = 9*x**2 - 2*x + 2. Let u(j) = -4*j**2 + j - 1. Let h(m) = 4*r(m) + 7*u(m). What is the units digit of h(1)?
8
Let l(n) = 12*n**2 - 2*n + 3. What is the tens digit of l(-3)?